 h be (4 + 0/(-3))/1. Let b = 10 + h. Suppose -q - b = -2*q. Is q prime?
False
Let t(l) = l**2 + 6*l + 2. Let w be t(-6). Is 237/w + 3/6 a prime number?
False
Let a be (0 - (-3)/3) + 109. Let r be (-86)/2*(-2)/(-2). Let d = r + a. Is d a composite number?
False
Suppose 5*y - 1214 - 1691 = 0. Is y prime?
False
Suppose -5*c - 24 = 2*d, -4*d + 9*d = -2*c + 3. Is c/(-33) - (-1822)/22 composite?
False
Let n(v) = v**3 - 3*v**2 - 5*v + 6. Suppose -3*s - 4*t = -4*s, -3*s = -5*t - 7. Let u be n(s). Suppose 0 = -u*r + 28 + 14. Is r composite?
True
Suppose f - j + 1 = 0, f - j - 2 = -f. Suppose -6 = f*s, -3*d + 8*d - 282 = -4*s. Suppose -n + d = 4*c, -5*c - 3*n = 2*n - 65. Is c composite?
True
Suppose d - 47 - 27 = 0. Is d composite?
True
Suppose 7*g - 325 = 2*g. Suppose -373 = -4*w - g. Is w prime?
False
Let l(i) = -6*i - 5. Let d be l(-3). Suppose 0 = 11*m - d*m + 194. Is m a prime number?
True
Suppose -351 = -2*f + 261. Let h = f + -209. Is h prime?
True
Suppose 0 = 2*p - t - 7, 0 = -2*p - 2*p + t + 13. Suppose -p*v = -2*v - 22. Is v composite?
True
Suppose -3*s = z - s - 10, 5*z + 3*s - 85 = 0. Suppose 0 = 3*f + f - z. Suppose f*i = d + 399, -3*i = -i + 5*d - 138. Is i a composite number?
False
Let g(d) = 3*d**3 + 2. Let h be g(-2). Let a(o) = -4*o + 1. Let b be a(4). Let z = b - h. Is z prime?
True
Let n = -2 - -118. Let t be 1*508 + 2 - -1. Suppose -5*z + t = n. Is z prime?
True
Let o = 1030 + -465. Is o a composite number?
True
Suppose w = -4*m + 1948, -w = -0*w. Is m composite?
False
Suppose 3 = t + 2*k - 6, 4*t = 4*k. Is 2236/t - 3/9 prime?
False
Let t = 169 - -366. Is t prime?
False
Suppose -5443 - 77 = -3*n - 3*x, -4*x + 12 = 0. Is n a prime number?
False
Let o = -33 - -55. Suppose -o = -4*m + 2*j, 4*m + m - 25 = 2*j. Suppose -18 = -2*b - 4*r + 160, -3*b - m*r = -252. Is b composite?
False
Let u(m) = -m**3 + 9*m**2 - 6*m + 3. Let h be u(6). Suppose h = 3*i - 558. Is 3/3*(0 + i) composite?
False
Suppose -4*m - 1 = -9. Suppose m*b - 158 = -52. Is b composite?
False
Let y(n) be the first derivative of 2*n**2 - n - 2. Is y(3) composite?
False
Let b be (16/12)/(4/6). Suppose 3*f + 2*i = 110, -3*i - 56 = -b*f - 0*i. Let z = f + 55. Is z prime?
True
Is 4/(-18) + (-14861)/(-9) prime?
False
Suppose 521 = -2*m - 21. Let x = -110 - m. Is x prime?
False
Let n(c) = c**3 + 5*c**2 + 8. Let k be n(-5). Let w = k + 7. Is w prime?
False
Let j = 2 + 1. Suppose -i - 5 = -2*i, j*o - 3*i = 126. Suppose 2*f + 4*p - 34 = 0, -6*f + 3*f - 2*p = -o. Is f a composite number?
True
Suppose -7*i = -9*i - 6. Is 1*86 + i/(-1) a composite number?
False
Let z = 30 - 17. Let j = z - -154. Suppose 0*i + 2*i = 3*k + 71, -4*k - j = -5*i. Is i prime?
True
Suppose 0*n + 5*n = 0. Is 89*(n + -2)/(-2) a prime number?
True
Let l = 11 + -8. Suppose l*u + 73 - 439 = 0. Is u composite?
True
Let a be 1 + 4/((-4)/(-153)). Let w be ((-6)/4)/(1/50). Let i = a + w. Is i composite?
False
Suppose 5*v + 0*v - 20 = 0. Is ((-2648)/(-12))/(v/6) a composite number?
False
Let m = 2004 - 1189. Is m a composite number?
True
Let p be 10/(-4)*(-16)/20. Suppose p*a + u = 2*u + 1042, 3*a = -3*u + 1563. Is a a prime number?
True
Let w = -119 + 209. Let z be (2/5)/((-3)/w). Let x = 25 + z. Is x prime?
True
Let x(t) = 354*t**2 + 3*t + 4. Is x(3) a prime number?
False
Let d = -58 + 105. Is d prime?
True
Let s be 10/(-45) + (-1562)/18. Let k be 2/(-6)*s*1. Suppose 5*q = -2*v - k + 115, 2*v - 70 = -q. Is v a composite number?
True
Suppose 0 = -5*z + 1119 + 1406. Suppose 5*f - z - 310 = 0. Is f prime?
True
Let o(i) = 2*i**3 - 7*i**2 - 5*i + 8. Let x be o(6). Let p = 135 + x. Is p a composite number?
False
Let r(p) = -p**3 - 3*p**2 - 5*p - 4. Let g be r(-3). Let w = g - 7. Is 1*w*15/10 composite?
True
Let k(h) = h**3 - 2*h**2 - 2*h + 4. Let s be k(3). Let t(x) = 22*x - 6. Let a be t(s). Suppose 5*v = v + a. Is v a composite number?
False
Let n(z) = 30*z - 7. Is n(4) a prime number?
True
Let u(w) = 69*w + 10. Is u(9) a prime number?
True
Suppose 2066 = 4*f + 2*m, 4*f - m + 0*m - 2081 = 0. Is f composite?
True
Let l = -501 + 1006. Is l prime?
False
Suppose 4*v = -z + 18, -4*z = -0*z - 3*v + 4. Suppose 0 = 3*i - 2*d - 139, -z*i - d = -6*d - 89. Is i a composite number?
False
Let z(b) = 12*b**2 + 3*b + 22. Is z(7) a composite number?
False
Let r = 103 - -42. Suppose 0*d - d = -r. Is d a composite number?
True
Let q be 64 + (-4 + 1)/3. Suppose 5*a - 1252 = q. Is a a prime number?
True
Let g = 318 + -25. Is g a composite number?
False
Let b(q) = -23*q - 10. Let j be b(-13). Suppose -4*t + j = -27. Is t a composite number?
False
Let f = -8223 - -11630. Is f prime?
True
Let g = -6818 - -18873. Is g a composite number?
True
Suppose -5*a + 12 + 8 = 0. Let t(m) = m**2 + 6*m + 10. Let c(z) = -z**2 - 3*z - 5. Let u(r) = -5*c(r) - 2*t(r). Is u(a) composite?
True
Let q(z) be the first derivative of 3*z**2 - 4*z - 1. Let f be q(3). Suppose o - f = 20. Is o a prime number?
False
Let n be 2/(0 + 1/5). Let o = n + -6. Let x(m) = m**3 - 3*m + 3. Is x(o) prime?
False
Let t = -142 - -345. Is t a composite number?
True
Suppose 4*y = -g - 2*g, 0 = -4*y - g + 8. Suppose -5*s - y = -18. Suppose -s*f - 140 = -2*u, 2*u - 124 = -0*u - 5*f. Is u prime?
True
Suppose -4*z - 119 = 21. Is 20/z - 106/(-14) a prime number?
True
Let f(t) = -t**3 - 2*t**2 - 2*t + 7. Let x be f(-6). Suppose 0 = -5*y - 0*y + 25, 4*a = -3*y + x. Is a prime?
True
Suppose -4 = -2*t - 0*t. Suppose t*f + 3*f = 95. Is f a composite number?
False
Let d(q) = -153*q + 3. Is d(-6) composite?
True
Let j be (4/5)/((-2)/(-195)). Suppose 2*u - 76 = j. Is u composite?
True
Is -2 + (-1809)/(-15) + 6/15 a composite number?
True
Let m(h) = -h**2 + 20*h - 12. Let q = 28 - 17. Is m(q) composite?
True
Suppose 0*a + 305 = -5*a. Let x = 43 + a. Is x/4*(-246)/9 a prime number?
False
Suppose 5*b - 148 = 22. Is b prime?
False
Let h(j) = -88*j**3 + j - 1. Is h(-2) a prime number?
True
Let l = 161 + -79. Is l composite?
True
Let y(c) be the third derivative of 11*c**4/12 + 5*c**3/6 + 2*c**2. Is y(5) prime?
False
Suppose -4*o - 2*c + 63 = -3*c, 4*c + 12 = 0. Suppose u + o = 6*u. Suppose -u*g + 53 = h - 0*h, 0 = -h - g + 49. Is h prime?
True
Let o(t) = t**3 - 2*t**2 - 3*t + 1. Let b be o(3). Is (b - 2) + 3 + 132 prime?
False
Suppose -i - 2*q + 155 = -2*i, 0 = 5*i - 3*q + 747. Let r = 218 + i. Is r prime?
True
Let g(o) = 3*o + 1. Let a be g(1). Let s = a - 2. Suppose -s*v = -4*c - 62, 5*c + 60 = v + v. Is v a prime number?
False
Let p = -4 - -11. Is p a composite number?
False
Let d(u) be the first derivative of 5*u**4 + 2. Let z be d(1). Let x = z - 1. Is x a prime number?
True
Let x(b) = 3*b - 15. Let t be x(7). Let r(g) be the second derivative of g**3/2 - 5*g**2/2 - 2*g. Is r(t) a prime number?
True
Suppose 14*a - 812 = 10*a. Is a a prime number?
False
Let c(j) = 102*j**3 - 5*j + 9. Is c(2) prime?
False
Let q(o) = 199*o. Is q(1) composite?
False
Let i = -1 + 1. Suppose i = -2*s + 4*h + 166, 3*s - 57 - 192 = -2*h. Is s prime?
True
Suppose 0 = -0*r + 2*r + 4, -3*r = a + 8. Let y = 81 + a. Is y a composite number?
False
Let b(m) = m**3 - 5*m**2 + m + 7. Let q be b(4). Let z(v) = 6*v**2 - 9*v - 8. Is z(q) composite?
True
Suppose -3*f + 5*q + 543 = 210, 3*q + 111 = f. Suppose 3*i - 282 = f. Is i composite?
False
Suppose -t = 2*t - 9. Is 77/(3/9*t) prime?
False
Let q = -12 - -62. Suppose 2*o - h - 112 = 0, 2*o - q = 4*h + 68. Is o composite?
True
Suppose 6*r - 645 - 477 = 0. Is r prime?
False
Suppose -5*r + 65 = 5*n, 3*r - 4 = 2*n + 2*n. Suppose -3*l - 15 = 0, -o - r = -2*o - 5*l. Is o composite?
True
Suppose 5*r = r - 15744. Is 1/(-3) + r/(-9) a prime number?
False
Suppose -4002 = -5*p + 1273. Is p composite?
True
Let n be 1 + -282 + (6 - 5). Let z = 471 + n. Is z composite?
False
Let h be (-4)/(-7)*(-7)/(-2). Suppose u + 0*u - 209 = -m, -h*m = 0. Is u a composite number?
True
Let c = -1387 + 4424. Is c a prime number?
True
Suppose -4*k = 2*y - 4090, -2*y + 5*y - k = 6163. Is y composite?
False
Let f(z) = z**2 + 11*z + 12. Let n be f(-11). Suppose -4*t + t + 117 = 0. Suppose i + 5*y = t, -y - 2*y = -n. Is i a composite number?
False
Suppose -h = -4*w - 265, -5*h = -2*w - 2*w - 1261. Is h a composite number?
True
Let t = -468 - -1619. Is t a prime number?
True
Let r(x) = 15*x**2 + 3*x + 1. Let k be (